rue
Is 41 a factor of 11583529?
False
Is 26916334 a multiple of 10?
False
Does 11 divide 13813353?
False
Does 134 divide 40138302?
False
Does 1490 divide 3847562713?
False
Is 2387 a factor of 12199957?
True
Does 60 divide 2411999508?
False
Is 877280919 a multiple of 268?
False
Is 1371 a factor of 65052579?
True
Is 38112748 a multiple of 17?
False
Does 8 divide 941431?
False
Is 11125883 a multiple of 7?
False
Is 15 a factor of 18396375?
True
Is 286312231 a multiple of 794?
False
Is 14047536 a multiple of 844?
True
Is 29 a factor of 42175106?
True
Is 12021295 a multiple of 299?
True
Is 40 a factor of 576585255?
False
Does 1238 divide 3119804568?
True
Is 32711151 a multiple of 3?
True
Is 499889687 a multiple of 402?
False
Is 656 a factor of 20987442?
False
Does 1251 divide 117053858?
False
Does 11 divide 1657389941?
False
Is 29626547 a multiple of 83?
False
Is 11 a factor of 68440430?
False
Does 103 divide 3896316?
False
Does 188 divide 1590998692?
True
Is 544332375 a multiple of 496?
False
Is 2231 a factor of 1140234182?
False
Does 10 divide 2011136081?
False
Is 25769024 a multiple of 214?
True
Is 31722550 a multiple of 3?
False
Does 135 divide 2911052?
False
Is 14 a factor of 728607948?
False
Does 65 divide 170723475?
True
Is 546360515 a multiple of 11?
False
Does 114 divide 37724880?
True
Is 290 a factor of 2005450050?
True
Does 36 divide 22933800?
True
Does 5 divide 190109157?
False
Is 88 a factor of 3048232?
True
Is 462 a factor of 1505724990?
True
Does 563 divide 1693528539?
False
Is 142 a factor of 1853883130?
True
Is 2109 a factor of 145670739?
True
Does 21 divide 416889684?
False
Is 159648807 a multiple of 6?
False
Is 18 a factor of 41403168?
True
Is 166637020 a multiple of 218?
True
Is 1093666926 a multiple of 4026?
True
Is 352193664 a multiple of 92?
True
Is 1938 a factor of 602477688?
True
Is 640 a factor of 67697920?
True
Does 3262 divide 772386099?
False
Does 19 divide 8477165?
False
Does 1551 divide 85486467?
True
Does 1711 divide 152729314?
False
Is 20995928 a multiple of 1922?
True
Is 474370574 a multiple of 4?
False
Does 536 divide 55625026?
False
Is 522380271 a multiple of 68?
False
Is 414410551 a multiple of 8?
False
Is 3206269 a multiple of 29?
True
Is 16 a factor of 6720359?
False
Is 40819609 a multiple of 2033?
False
Is 4910030601 a multiple of 4917?
False
Is 6 a factor of 4055880?
True
Does 814 divide 160445825?
False
Is 3810 a factor of 4659342063?
False
Does 484 divide 266160969?
False
Does 38 divide 413378307?
False
Is 9395 a factor of 992966945?
True
Does 234 divide 5947606224?
False
Is 1117 a factor of 626775761?
False
Is 2070 a factor of 1048912589?
False
Is 400810479 a multiple of 6?
False
Is 9 a factor of 22847443?
False
Is 14953718 a multiple of 603?
False
Is 34526854 a multiple of 3?
False
Is 141 a factor of 203795571?
False
Does 79 divide 22608852?
True
Does 67 divide 14527543?
True
Does 875 divide 16197125?
True
Is 112368075 a multiple of 24?
False
Does 5 divide 176560694?
False
Is 9 a factor of 307831397?
False
Is 147 a factor of 22534218?
True
Is 40460449 a multiple of 78?
False
Is 6993 a factor of 270104625?
True
Does 68 divide 179188772?
True
Does 103 divide 1415119369?
True
Does 432 divide 30567456?
True
Does 15 divide 30750015?
True
Is 544 a factor of 13389138?
False
Does 1926 divide 958850897?
False
Does 55 divide 84249330?
True
Is 716 a factor of 728652436?
True
Does 401 divide 238350791?
True
Is 261 a factor of 527258239?
False
Is 82406804 a multiple of 124?
True
Does 452 divide 263515096?
True
Is 44 a factor of 14522244?
True
Is 152877853 a multiple of 67?
True
Is 799866575 a multiple of 25?
True
Does 409 divide 316263230?
False
Is 280 a factor of 70295400?
True
Is 219 a factor of 4106333?
False
Is 640 a factor of 500629760?
True
Is 297203791 a multiple of 5731?
False
Is 5859885689 a multiple of 339?
False
Is 666 a factor of 132089112?
True
Is 20 a factor of 16625480?
True
Is 169412007 a multiple of 1149?
True
Is 135 a factor of 225043245?
True
Is 655097694 a multiple of 57?
True
Does 1241 divide 40629099?
True
Does 1569 divide 7537476?
True
Does 22 divide 2699390?
False
Is 80547840 a multiple of 144?
True
Is 414 a factor of 18036119?
False
Is 6439138 a multiple of 41?
False
Is 3469416 a multiple of 3?
True
Does 526 divide 786075966?
True
Is 646417660 a multiple of 292?
False
Is 303 a factor of 322129602?
True
Is 6591516 a multiple of 452?
True
Is 40075100 a multiple of 35?
False
Does 225 divide 1039166108?
False
Is 13 a factor of 65972192?
True
Does 34 divide 1158033442?
False
Does 52 divide 728202878?
False
Is 48 a factor of 824971?
False
Is 76629581 a multiple of 349?
True
Is 6797430 a multiple of 281?
False
Is 375130934 a multiple of 463?
True
Is 321 a factor of 1695142326?
False
Is 199 a factor of 341730163?
True
Is 797 a factor of 204637724?
False
Is 332758205 a multiple of 1241?
False
Is 285841966 a multiple of 4?
False
Is 157 a factor of 34543844?
False
Does 23 divide 480577893?
True
Is 47131903 a multiple of 13?
True
Does 577 divide 160007885?
False
Is 66 a factor of 3963894?
True
Does 243 divide 1482199641?
True
Is 7 a factor of 108335843?
True
Is 1885 a factor of 102604320?
True
Does 17 divide 2700900925?
True
Is 2263582472 a multiple of 6652?
True
Does 20 divide 45654755?
False
Does 17 divide 173599342?
True
Is 163 a factor of 881047111?
True
Is 15 a factor of 72656505?
True
Is 19 a factor of 9937532?
True
Is 7 a factor of 20152503?
True
Does 24 divide 4431721640?
False
Does 76 divide 45622274?
False
Is 5603 a factor of 233779572?
True
Is 36200502 a multiple of 13?
True
Is 149 a factor of 716534146?
True
Is 80 a factor of 29305520?
True
Does 679 divide 92596588?
True
Is 14225880 a multiple of 40?
True
Is 2638625542 a multiple of 20?
False
Does 11 divide 3963861?
True
Does 13 divide 49638753?
False
Is 73496067 a multiple of 123?
True
Is 4422 a factor of 158183784?
True
Does 2470 divide 618877511?
False
Is 113 a factor of 1347122155?
True
Does 8010 divide 1608803714?
False
Is 8 a factor of 9962060?
False
Is 1345 a factor of 66237457?
False
Is 169612995 a multiple of 3?
True
Is 16853036 a multiple of 3?
False
Is 123422557 a multiple of 42?
False
Is 1824215 a multiple of 5?
True
Is 464 a factor of 1447288384?
True
Does 281 divide 20739767?
True
Is 251 a factor of 857029034?
False
Is 64 a factor of 1226845?
False
Is 118 a factor of 11858292?
True
Is 19662092 a multiple of 68?
False
Is 525 a factor of 70807800?
True
Is 8 a factor of 50482784?
True
Is 62 a factor of 43467315?
False
Is 21 a factor of 256335657?
False
Is 37113888 a multiple of 8?
True
Is 31038628 a multiple of 38?
True
Is 97167125 a multiple of 3732?
False
Is 544 a factor of 1012930896?
False
Is 314152990 a multiple of 355?
True
Is 977007805 a multiple of 127?
False
Is 7 a factor of 18226893?
False
Is 42 a factor of 10626462?
True
Does 8 divide 5118512?
True
Does 125 divide 62355982?
False
Does 439 divide 452464130?
True
Is 58895660 a multiple of 124?
True
Is 21 a factor of 2878492868?
False
Does 701 divide 426855337?
False
Does 11 divide 125737586?
False
Is 52 a factor of 41211456?
True
Is 12252454 even?
True
Is 430 a factor of 529770750?
True
Is 151480252 a multiple of 18?
False
Is 8733481 a multiple of 71?
False
Is 151992419 a multiple of 19?
True
Is 186056417 a multiple of 1203?
False
Is 43586862 a multiple of 6?
True
Is 1733560616 a multiple of 377?
False
Is 495 a factor of 241360944?
False
Does 9 divide 1799163081?
True
Is 20 a factor of 248809180?
True
Is 957223 a multiple of 4?
False
Is 109 a factor of 2071763?
True
Does 121 divide 1279685647?
False
Does 165 divide 3563120?
False
Does 85 divide 21147065?
True
Is 154385036 a multiple of 698?
True
Is 5111 a factor of 500409699?
False
Does 6726 divide 282673312?
False
Does 334 divide 29850118?
False
Does 20 divide 2901577165?
False
Does 21 divide 3052099617?
True
Does 2 divide 5839673?
False
Is 307732 a multiple of 9?
False
Is 31152432 a multiple of 408?
True
Is 291064858 a multiple of 281?
True
Is 8334028 a multiple of 148?
True
Is 1577 a factor of 342710486?
True
Is 678708 a multiple of 6?
True
Does 37 divide 52662517?
False
Is 66182865 a multiple of 22?
False
Is 56797442 a multiple of 391?
True
Does 67 divide 242569063?
False
Is 26 a factor of 31661462?
False
Does 11 d